{"id":25,"date":"2014-02-26T21:29:12","date_gmt":"2014-02-26T21:29:12","guid":{"rendered":"http:\/\/therapiezentrum-karow.de\/?page_id=25"},"modified":"2018-05-25T06:54:36","modified_gmt":"2018-05-25T06:54:36","slug":"angebot","status":"publish","type":"page","link":"https:\/\/therapiezentrum-karow.de\/?page_id=25","title":{"rendered":"Angebot"},"content":{"rendered":"<p><img loading=\"lazy\" decoding=\"async\" class=\"size-medium wp-image-28 aligncenter\" src=\"https:\/\/therapiezentrum-karow.de\/wp-content\/uploads\/2014\/02\/2013-07-04-17.24.071-300x183.jpg\" alt=\"SAMSUNG\" width=\"300\" height=\"183\" srcset=\"https:\/\/therapiezentrum-karow.de\/wp-content\/uploads\/2014\/02\/2013-07-04-17.24.071-300x183.jpg 300w, https:\/\/therapiezentrum-karow.de\/wp-content\/uploads\/2014\/02\/2013-07-04-17.24.071.jpg 562w\" sizes=\"auto, (max-width: 300px) 100vw, 300px\" \/><\/p>\n<p>&nbsp;<\/p>\n<p style=\"text-align: center;\"><em><strong>Massage<\/strong><\/em><\/p>\n<p style=\"text-align: center;\"><em><strong>Massage &amp; Fango\/Pelose<\/strong><\/em><\/p>\n<p style=\"text-align: center;\"><em><strong>Wellnessmassage<\/strong><\/em><\/p>\n<p style=\"text-align: center;\"><em><strong>Krankengymnastik<\/strong><\/em><\/p>\n<p style=\"text-align: center;\"><em><strong>Manuelle Lymphdrainage (Gro\u00dfbehandlung 30 Min.)<\/strong><\/em><\/p>\n<p style=\"text-align: center;\"><em><strong>Manuelle Lymphdrainage (Ganzbehandlung 60 Min.)<\/strong><\/em><\/p>\n<p style=\"text-align: center;\"><em><strong>Elektrotherapie<\/strong><\/em><\/p>\n<p style=\"text-align: center;\"><em><strong>Ultraschall<\/strong><\/em><\/p>\n<p style=\"text-align: center;\"><em><strong>Lasertherapie<\/strong><\/em><\/p>\n<p style=\"text-align: center;\"><em><strong>Manuelle Therapie<\/strong><\/em><\/p>\n<p style=\"text-align: center;\"><em><strong>Unterwasserdruckstrahlmassage<\/strong><\/em><\/p>\n<p style=\"text-align: center;\"><em><strong>Stangerbad<\/strong><\/em><\/p>\n<p style=\"text-align: center;\"><em><strong>Fu\u00dfreflexzonenmassage<\/strong><\/em><\/p>\n<p style=\"text-align: center;\"><em><strong><a href=\"https:\/\/therapiezentrum-karow.de\/wp-content\/uploads\/2014\/02\/03304005-small.jpg\"><img loading=\"lazy\" decoding=\"async\" class=\"size-medium wp-image-51 aligncenter\" src=\"https:\/\/therapiezentrum-karow.de\/wp-content\/uploads\/2014\/02\/03304005-small-300x200.jpg\" alt=\"SAMSUNG CSC\" width=\"300\" height=\"200\" srcset=\"https:\/\/therapiezentrum-karow.de\/wp-content\/uploads\/2014\/02\/03304005-small-300x200.jpg 300w, https:\/\/therapiezentrum-karow.de\/wp-content\/uploads\/2014\/02\/03304005-small-1024x683.jpg 1024w, https:\/\/therapiezentrum-karow.de\/wp-content\/uploads\/2014\/02\/03304005-small-619x413.jpg 619w, https:\/\/therapiezentrum-karow.de\/wp-content\/uploads\/2014\/02\/03304005-small.jpg 1368w\" sizes=\"auto, (max-width: 300px) 100vw, 300px\" \/><\/a><\/strong><\/em><\/p>\n<p style=\"text-align: center;\"><em><strong>R\u00fcckenschule (Reha-Kurs)<\/strong><\/em><\/p>\n<p style=\"text-align: center;\"><em><strong>Ger\u00e4tetraining<\/strong><\/em><\/p>\n<p style=\"text-align: center;\"><em><strong><a href=\"https:\/\/therapiezentrum-karow.de\/wp-content\/uploads\/2014\/02\/03304006-small.jpg\"><img loading=\"lazy\" decoding=\"async\" class=\"size-medium wp-image-52 aligncenter\" src=\"https:\/\/therapiezentrum-karow.de\/wp-content\/uploads\/2014\/02\/03304006-small-300x200.jpg\" alt=\"SAMSUNG CSC\" width=\"300\" height=\"200\" srcset=\"https:\/\/therapiezentrum-karow.de\/wp-content\/uploads\/2014\/02\/03304006-small-300x200.jpg 300w, https:\/\/therapiezentrum-karow.de\/wp-content\/uploads\/2014\/02\/03304006-small-1024x683.jpg 1024w, https:\/\/therapiezentrum-karow.de\/wp-content\/uploads\/2014\/02\/03304006-small-619x413.jpg 619w, https:\/\/therapiezentrum-karow.de\/wp-content\/uploads\/2014\/02\/03304006-small.jpg 1368w\" sizes=\"auto, (max-width: 300px) 100vw, 300px\" \/><\/a><\/strong><\/em><\/p>\n<p style=\"text-align: center;\"><em><strong>Extensions-\/Traktionsbehandlung<\/strong><\/em><\/p>\n<p style=\"text-align: center;\"><em><strong>Dorntherapie (60 Min.)<\/strong><\/em><\/p>\n<p style=\"text-align: center;\"><em><strong>osteopathische Behandlung<\/strong><\/em><\/p>\n<p style=\"text-align: center;\"><em><strong>Sauerstofftherapie (10x)<\/strong><\/em><\/p>\n<p style=\"text-align: center;\"><em><strong>\u00a0<\/strong><\/em><\/p>\n<p style=\"text-align: center;\"><em><strong>\u00a0<\/strong><\/em><\/p>\n","protected":false},"excerpt":{"rendered":"<p>&nbsp; Massage Massage &amp; Fango\/Pelose Wellnessmassage Krankengymnastik Manuelle Lymphdrainage (Gro\u00dfbehandlung 30 Min.) Manuelle Lymphdrainage (Ganzbehandlung 60 Min.) Elektrotherapie Ultraschall Lasertherapie Manuelle Therapie Unterwasserdruckstrahlmassage Stangerbad Fu\u00dfreflexzonenmassage R\u00fcckenschule (Reha-Kurs) Ger\u00e4tetraining Extensions-\/Traktionsbehandlung Dorntherapie (60 Min.) osteopathische Behandlung Sauerstofftherapie (10x) \u00a0 \u00a0<\/p>\n","protected":false},"author":2,"featured_media":0,"parent":0,"menu_order":0,"comment_status":"closed","ping_status":"closed","template":"","meta":{"footnotes":""},"class_list":["post-25","page","type-page","status-publish","hentry"],"_links":{"self":[{"href":"https:\/\/therapiezentrum-karow.de\/index.php?rest_route=\/wp\/v2\/pages\/25","targetHints":{"allow":["GET"]}}],"collection":[{"href":"https:\/\/therapiezentrum-karow.de\/index.php?rest_route=\/wp\/v2\/pages"}],"about":[{"href":"https:\/\/therapiezentrum-karow.de\/index.php?rest_route=\/wp\/v2\/types\/page"}],"author":[{"embeddable":true,"href":"https:\/\/therapiezentrum-karow.de\/index.php?rest_route=\/wp\/v2\/users\/2"}],"replies":[{"embeddable":true,"href":"https:\/\/therapiezentrum-karow.de\/index.php?rest_route=%2Fwp%2Fv2%2Fcomments&post=25"}],"version-history":[{"count":6,"href":"https:\/\/therapiezentrum-karow.de\/index.php?rest_route=\/wp\/v2\/pages\/25\/revisions"}],"predecessor-version":[{"id":53,"href":"https:\/\/therapiezentrum-karow.de\/index.php?rest_route=\/wp\/v2\/pages\/25\/revisions\/53"}],"wp:attachment":[{"href":"https:\/\/therapiezentrum-karow.de\/index.php?rest_route=%2Fwp%2Fv2%2Fmedia&parent=25"}],"curies":[{"name":"wp","href":"https:\/\/api.w.org\/{rel}","templated":true}]}}